the greatest common factor of j and 73.
73
Let b be (60/8)/5*(13 + 5). What is the highest common factor of 81 and b?
27
Let r be 40/90 + 447/27. Suppose 2*b = -w + 2 + r, 0 = -5*b - 4*w + 49. Calculate the highest common divisor of b and 18.
9
Let h(p) be the third derivative of p**4/24 + 3*p**3 - 32*p**2. Let q be h(0). What is the highest common divisor of 18 and q?
18
Let w(f) = f - 1. Let c(l) = -52*l + 44. Let y(i) = -c(i) - 24*w(i). Let k be y(7). Calculate the greatest common factor of k and 16.
16
Let r be (-2)/(-3)*12/8. Let c = 1 + r. Suppose 4*x - 12 = -2*q, -c*x = -4*q - 0*x + 24. What is the greatest common divisor of 18 and q?
6
Let o = -1178 - -1179. Calculate the highest common divisor of 303 and o.
1
Let s = -27 + 16. Let m(n) = -n - 8. Let g be m(s). Suppose g*x = -i - x - 11, 4*i + 4*x - 16 = 0. What is the greatest common factor of i and 81?
9
Let o(h) = -2*h - 1. Let u be o(3). Let b be -3 + u/(4/(-1 + -3)). What is the highest common divisor of 68 and b?
4
Suppose 0 = 2*n - 5*t - 3405, 3*t + 6 = -3. Calculate the greatest common factor of 15 and n.
15
Suppose 25 + 140 = 15*l. What is the greatest common factor of l and 55?
11
Suppose -11*b = -504 + 108. What is the greatest common factor of 300 and b?
12
Let n be (3 + -2)/(1/(-5)). Let o = 5 + n. Suppose 5*z + 2*x - 11 = o, -2*z - 2*x - 3 = -5. Calculate the highest common factor of 2 and z.
1
Suppose 0 = -2*o + 3*q + 11 + 129, 0 = 2*o + 2*q - 140. What is the highest common factor of 220 and o?
10
Let i(w) = 519*w - 7. Let c be i(3). Calculate the greatest common divisor of c and 62.
62
Suppose -6*d - 4 = -2*d. Let p(b) = 8*b**2 - 3*b - 2. Let s be p(d). Let u be (-1 - (-78)/s)*15. What is the greatest common divisor of u and 23?
23
Suppose -400 = 53*k - 57*k. What is the greatest common divisor of k and 20?
20
Let l be (28/8)/((-15)/(-2280)). What is the greatest common factor of 84 and l?
28
Suppose -2*l = 3*v + 21 - 197, -3*l + 2*v + 264 = 0. Let u = 1684 - 1673. What is the highest common divisor of l and u?
11
Suppose -12*k - 504 = -15*k. What is the highest common divisor of 42 and k?
42
Suppose -25*r + 42 = -23*r. Let j be (-2)/28*-334 - (-3)/r. Calculate the highest common factor of j and 12.
12
Suppose 17 = 2*i + 5. Let p = 2 - i. Let c be 1/(-2) + (-118)/p. What is the greatest common divisor of 29 and c?
29
Let c(n) = -2*n**3 - 33*n**2 - 18*n - 32. Let g be c(-16). Let j be (-4)/4 + g + 4. Suppose 6*z - 12 = 4*z. What is the highest common divisor of z and j?
3
Let p(y) = y**3 - 30*y**2 + 4*y - 105. Let a be p(30). Calculate the highest common factor of a and 30.
15
Suppose -b + 3 = -p, 4*p - 5*b = -7 - 10. Calculate the highest common factor of p and 11.
1
Let w be (-212)/20 - 4/10. Let d be (-1062)/(-33) - (-2)/w. What is the greatest common factor of 352 and d?
32
Suppose 2622*a - 2630*a + 112 = 0. Calculate the highest common factor of a and 504.
14
Let y(z) = -2*z**2 - 10*z - 8. Let i be y(-6). Let p = i - -26. Suppose -j + 5*x = p, -5*j + j = 3*x - 68. What is the highest common divisor of 154 and j?
14
Suppose -3*d - 8*r + 282 = -5*r, 0 = 4*d - 3*r - 404. Calculate the highest common factor of 1029 and d.
49
Suppose -2*s - 4*z = 42, -5*s + 3*z = 6*z + 84. Let q be 39/4 - s/(-20). Let x be (1 - -18) + 2 + -3. Calculate the highest common factor of q and x.
9
Suppose 160 = -277*t + 282*t. What is the greatest common factor of t and 272?
16
Suppose 4*g + i = -2*i - 7, -g - i = 1. Let a be 24 + g/(-2) + -5. Let j = 43 - a. What is the highest common factor of j and 55?
11
Let o be 2/7 - 6068/(-28). Suppose 2*a - o = 23. What is the greatest common divisor of 15 and a?
15
Let u = 1 + -3. Let j be (38/2)/(u/(-22)). Let w be 88/(-33)*(-6)/(-4)*114/(-24). Calculate the highest common divisor of j and w.
19
Let b = 448 + -400. What is the highest common divisor of 32 and b?
16
Let i be ((-28)/(-2))/(16/8). What is the greatest common divisor of 259 and i?
7
Suppose -j - 7*d + 11*d = -16, 0 = -j - d + 31. What is the greatest common divisor of j and 98?
14
Let l = 170 - 112. Suppose -3*a + 67 = 5*n - 30, 3*n + 2*a = l. Let u be 6/(0 - -3) - -8. Calculate the highest common divisor of u and n.
10
Suppose 4*u - 96 = 5*s, -4*s - 5*u - 39 - 5 = 0. Let z be (-135)/20 - (-4)/s. Let a be (-2)/z - (-427)/49. What is the highest common divisor of a and 63?
9
Let u be 16/(-4)*(-2)/4. Let h = -190 - -206. What is the highest common factor of u and h?
2
Suppose -4*z = -h - 13, -5 = -4*z + 3*z + 2*h. Let b be z*(1 - (-3)/9). Let r be ((-90)/b)/((-18)/24). What is the highest common divisor of 12 and r?
6
Let t be 5 - (-85)/(-15) - (-11)/3. Suppose -5*b - 2*q = -2200, 4*b + t*q - 2200 = -b. Calculate the greatest common divisor of b and 44.
44
Suppose -2068 = -0*j - 22*j. Calculate the highest common divisor of 423 and j.
47
Let j(m) = -24*m**2. Let l be j(1). Let i be (-110)/20*(l - -2). Suppose -5*v + 215 = x, -2*x - i = -3*v - x. What is the greatest common factor of v and 14?
14
Let b be (-5 - (-4 + 2)) + 1 + 5. Let s = 34 - 7. What is the greatest common factor of b and s?
3
Suppose 2*i + 3*i - 12 = h, 12 = 4*i. Suppose 2*j = -2*z + 42, -59 - 3 = -h*z - 2*j. Let n be 1804/18 - 16/72. Calculate the greatest common factor of n and z.
20
Let q be 12/10*17 + (-6)/15. Suppose 3*f + f = x - 1, 10 = 3*x - 5*f. Suppose -u = -6*u + 3*b + x, 2*b = 3*u - 2. What is the highest common divisor of u and q?
4
Let k be -3 + (-3)/(-3) + 102. Suppose 4*d + 82 = 6*d. Suppose -h + 156 = 4*b, -h = -b + 3 + d. What is the highest common factor of k and b?
20
Let o(y) = -2*y**3 - 9*y**2 - 5*y - 5. Let d be o(-5). Calculate the highest common factor of 15 and d.
15
Let o be 72 + (-7)/((-7)/(-9)). Suppose 4 = 4*x, 3*d + d - 5*x = 23. Calculate the highest common factor of d and o.
7
Let s(h) = -2*h - 18. Let v be s(-14). Suppose v + 30 = 2*z. Let j = 4 - -26. Calculate the highest common divisor of j and z.
10
Let q = -38 + -14. Let j = q + 53. Calculate the greatest common divisor of 2 and j.
1
Let s be ((-11)/2)/((-3)/18). Suppose -n + 4*n = s. Suppose n = m - 0*m. What is the greatest common divisor of m and 33?
11
Let i(l) = -34*l + 110. Let u be i(-5). What is the greatest common divisor of 84 and u?
28
Let u be ((-49)/(-42))/(2/6)*26. What is the greatest common factor of 26 and u?
13
Suppose 0 = -7*c + 48*c - 7380. Calculate the greatest common divisor of c and 140.
20
Let v(o) = 53*o**2 - 3*o + 3. Let b be v(2). Let p be 116/(-5)*(-10)/4. Suppose -37 = -5*l + p. What is the greatest common divisor of l and b?
19
Let p = 8 - 6. Suppose -3*x + x + 108 = -r, -x + p*r + 48 = 0. Suppose -1159*q = -1200*q + 3444. Calculate the greatest common divisor of q and x.
28
Let h be (9/4)/((-3)/(-56)). Let v(t) = -3*t - 24. Let c be v(-10). Calculate the greatest common factor of c and h.
6
Let k(n) = -26*n - 100. Let b be k(-5). Suppose -2*o = d - 75 - 20, -2*o + 3*d + 115 = 0. What is the greatest common factor of o and b?
10
Suppose -2*y - y - i = -42, -y - 4*i + 14 = 0. Let q(s) = 116*s - 4. Let b be q(1). What is the highest common factor of y and b?
14
Let p(g) = 7*g + 68. Let a be p(-8). Calculate the highest common divisor of a and 348.
12
Let w = -617 + 787. What is the highest common divisor of w and 10?
10
Let h be 87/(2*(-12)/(-304)). Calculate the highest common factor of 38 and h.
38
Let o be 75*((-7)/(42/36))/(-2). Suppose -5*k + k + 100 = 0. Calculate the highest common factor of k and o.
25
Suppose -o + 8 = -3*f, -f + 7*o - 26 = 2*o. Let g be (-4)/4 + f + 3. Calculate the highest common divisor of g and 1.
1
Suppose 0 = 175*x - 176*x + 22. Suppose -4*z = -5*z + 66. What is the highest common divisor of z and x?
22
Let d be 7/((-70)/(-232))*25/10. What is the greatest common factor of 899 and d?
29
Let d(c) = 33*c - 1. Let y be d(-1). Let l be ((-2)/(-3))/(y/(-1275)). Calculate the highest common divisor of 10 and l.
5
Let u be ((-28)/42)/((-4)/378). What is the highest common divisor of u and 105?
21
Suppose 111 = -y + 65. Let a be (-39)/(y/36 - (-18)/(-81)). Calculate the highest common factor of a and 78.
26
Let i(g) = -g**3 + 4*g**2 - 4. Let y be i(3). Suppose 18*j = 9*j + 1215. What is the highest common divisor of y and j?
5
Let a be -2*2/8 - (-6364)/8. What is the greatest c